- 4067 + 956 = -4*a, 4*a - l - 3091 = 0. What is the highest common divisor of 18 and a?
18
Suppose 4*r = 5*o - 381, 105 = 4*o + 2*r - 205. Suppose -7*f + 2*f = -2*g - 7, g - 5*f = -6. Let w = 6 - g. What is the greatest common divisor of o and w?
7
Let l(v) = -v**3 + v**2 + 18*v - 3. Let n be l(-5). What is the highest common factor of n and 3?
3
Suppose -3*m + v + 14 = 0, 0 = -4*m + 2*v + v + 12. Let l be (3 - m)*(-62)/6. What is the highest common factor of 31 and l?
31
Let s = 3 - -4. Suppose 0*a = -a + 2*h + 65, -186 = -3*a - 3*h. Calculate the greatest common divisor of s and a.
7
Suppose 3*q = -27*q + 3300. What is the highest common divisor of 198 and q?
22
Let c(j) = j**3 - 9*j**2 - 3*j + 13. Let m be c(9). Let l be (-976)/m - (-12)/42. What is the highest common divisor of 175 and l?
35
Let t be 10/35 - 228/14. Let b = t - -18. Suppose 3*x + b*x - 450 = 0. Calculate the greatest common factor of 18 and x.
18
Let a = -54 + 674. Let f be a/100 + 1/(-5)*1. Let m(s) = -6*s - 6. Let h be m(-6). Calculate the greatest common divisor of h and f.
6
Let r be (6 - 0)/(2 - 0). Let z be 0 + 2/(-4) + 110/4. Calculate the highest common divisor of z and r.
3
Let p = 1 - 2. Let i = p + 22. Suppose -9 = b - 177. What is the greatest common divisor of i and b?
21
Suppose 8 = 2*q - 0. Suppose 5*i = 4*t + 316, q*t = 5*i + 2*t - 308. Suppose -i = 2*b - 7*b. What is the highest common divisor of 96 and b?
12
Let a be (1 - -1) + 10/5. Let r = 26 - 25. Let g = 7 + r. Calculate the highest common divisor of a and g.
4
Let p(s) = s**2 + 7*s + 18. Let o be p(-8). Suppose 3*w - 3 = -2*y + o, 3*y - 49 = w. Let i = -59 + 83. Calculate the greatest common factor of y and i.
8
Let z(i) = 2*i**2 - 4*i - 4. Let f be z(6). Suppose -w = -4*h - 42, -2*w + h + 0*h + 49 = 0. Calculate the highest common divisor of f and w.
22
Let n be ((-22)/6)/((-24)/288). What is the highest common divisor of n and 286?
22
Let m be ((-12)/14)/((-10)/35). Let s be (8/(-14))/(m/(-21)). Suppose 57 = s*g - g. What is the highest common factor of g and 19?
19
Suppose 0 = 9*z - 0*z + 27. Let s be -9 - -4 - z - (-81)/3. What is the highest common factor of s and 100?
25
Let d be -1 - 6 - (7 - 7). Let u = d - -17. Calculate the highest common divisor of 25 and u.
5
Let y be (44/2)/(7 - 57/9). Let n = y + 207. Calculate the highest common divisor of 12 and n.
12
Let d(g) = 7*g**2 + 64*g + 14. Let i be d(-15). Calculate the highest common factor of i and 51.
17
Let d(v) be the third derivative of 5/12*v**4 + 0 - 5/6*v**3 - 6*v**2 - 1/60*v**5 + 0*v. Let c be d(9). What is the highest common factor of 40 and c?
4
Suppose h + 6 = 3*l + 20, 4*l + 70 = 5*h. Suppose -2*s + 5 = -5, -2*z + 53 = 5*s. Calculate the greatest common divisor of z and h.
14
Let g(d) = d**2 - 8*d + 6. Let k be g(8). Let s be (-33)/(-5) - k/(-15). Let q be (-2)/(((-14)/4)/s). What is the highest common factor of q and 28?
4
Let c = -4638 + 4728. Let a be -2 + 12/(0 - -1). What is the highest common divisor of a and c?
10
Suppose 0 = 3*o - 10 - 2. Suppose o*a = -2*y + 4*y - 76, 5*y - a - 208 = 0. Calculate the highest common factor of 21 and y.
21
Let t be 330/27 - (-2)/(-9). Suppose -5*m - 7*z + 2*z + 25 = 0, m = -3*z - 1. Calculate the greatest common factor of m and t.
4
Suppose -9*q + 613 + 107 = 0. What is the highest common factor of 20 and q?
20
Let m(t) = 20*t**2 - 13*t + 8. Let f be m(6). Suppose -i + 487 = 3*w, 143 = 5*w - 3*i - f. What is the greatest common factor of w and 23?
23
Suppose -3 = 3*f - 3. Suppose f = 2*q - 4*q + 36. Calculate the greatest common divisor of q and 126.
18
Let h be (-36)/(-28) + (-6)/21. Let y be (65 - h - -2)*1. Let l(n) = n**3 + 7*n**2 - 9*n - 2. Let p be l(-8). What is the highest common factor of p and y?
6
Let m(v) = 5*v**3 - 2*v**2 + 2*v - 6. Let j be m(2). Let c = 10 + -18. Let a be 5/(-10)*c*5. What is the greatest common factor of j and a?
10
Let i be -3 + (-3520)/(-65) - (-4)/(-26). Let m be -3 - (2 + -5 + -17). Calculate the highest common factor of i and m.
17
Let o = -22 + 27. Suppose y - o = 0, -4*n + 2*y + 466 = -0*n. What is the greatest common factor of n and 17?
17
Let t(y) = y**2 - 21*y + 11. Let d be t(21). Suppose -2*f - j + d = 2*j, -2*j = -2*f - 4. Suppose -4 = p - 2*p. Calculate the greatest common factor of f and p.
1
Suppose -2*h = -5*h - 9, -3*h - 53 = 4*g. Let l = g - -19. Let z = l + 2. Calculate the greatest common factor of z and 110.
10
Let s(v) = -4*v - 4*v**2 + 9*v**2 - 1 + 5*v**2. Let w be s(4). Let c = 99 - 86. What is the greatest common divisor of w and c?
13
Let o(q) = 2*q**3 - 13*q**2 - 3*q + 1. Let r = 27 - 20. Let d be o(r). Calculate the greatest common divisor of d and 232.
29
Let u(y) = 3*y**2 + 52*y + 45. Let i be u(-17). Calculate the highest common factor of i and 476.
28
Suppose -3*k + 11 = u, -2*k + 10 = -2*u + 4*u. Suppose u*v - 5*v + 4*y + 158 = 0, 0 = 3*y - 3. Calculate the greatest common divisor of v and 6.
6
Let q(c) = c + 6. Let r = 11 + -11. Let w be q(r). Let h(t) = 4*t - 9. Let f be h(w). What is the highest common factor of f and 105?
15
Suppose d + 0 = 36. Suppose d = 3*g - u - 53, 99 = 3*g - 3*u. What is the greatest common divisor of g and 42?
14
Let c = 17 - 14. Suppose o = c*z + 50, 2*z + 3*z - 183 = -4*o. Let s = -34 + o. Calculate the highest common divisor of 39 and s.
13
Suppose -4*t + 16*t - 24 = 0. Let o(a) = 4*a**3 - 3*a**2 - 2*a + 5. Let b be o(t). What is the greatest common factor of b and 3?
3
Suppose 6*v - 6 - 18 = 0. Suppose 5*b - 46 = v*q, -b = -4*q - 6*b - 26. Let f = -1 - q. What is the highest common divisor of f and 1?
1
Let p = -93 + 159. Let c(f) = -f**3 + f**2 - 6*f + 6. Let x be c(0). Calculate the greatest common divisor of x and p.
6
Suppose 0 = -4*p + 3*a - 13 + 114, -3*p = 2*a - 97. What is the highest common divisor of p and 174?
29
Suppose 0 = 5*v - k - 235, 6*v - 235 = v - 5*k. Suppose -5*o - 383 = -243. Let c = v + o. Calculate the highest common factor of c and 95.
19
Let g(j) = j**3 + 15*j**2 - 81*j - 34. Let i be g(-19). Calculate the greatest common factor of i and 1769.
61
Let q be 300/(30 + -15) + 1. Suppose 5*y - 716 = -296. What is the highest common divisor of y and q?
21
Suppose -100*y = -131*y + 3565. Let b be -3*(-4)/(-18)*-6. Suppose -r = -b*r + 69. Calculate the greatest common factor of y and r.
23
Let t = 19 + -3. Suppose -u = -2*r + 2, 10*u - 3*r = 6*u + 7. What is the greatest common divisor of t and u?
4
Suppose 0 = -2*w + 4*y + 194, 0 = -5*w - 2*y + 140 + 393. What is the highest common divisor of w and 15?
15
Suppose 0*q = -q + 2*n - 4, n = -q - 4. Let t be (-51)/(-15) - q/(-10). What is the greatest common factor of 15 and t?
3
Suppose -3*l = 4*b - 136, 3*l - 124 = 8*b - 9*b. What is the highest common divisor of l and 85?
5
Let g(r) = r**2 - 6*r - 10. Let j be g(6). Let l be 84/(-21) + (-1 - j). What is the greatest common factor of l and 1?
1
Suppose 0*f + 4*m = -5*f + 11, -4*f + 14 = -2*m. Suppose -4*x - 2*z + 110 = -f*z, 3*x - 83 = z. Let k = 8 - 5. What is the highest common factor of k and x?
3
Suppose 0*j + 45 = -5*j. Let n(c) = 2*c + 67. Let w(v) = v + 33. Let a(q) = -2*n(q) + 5*w(q). Let t be a(j). Calculate the highest common factor of 22 and t.
22
Suppose 69 = 3*g - 39. Let j(a) = 29*a**3 - 2*a**2 - 3*a - 2. Let d be j(-1). Let r be 2/((3 - 8)/d). Calculate the highest common divisor of g and r.
12
Suppose 5*v + v - 390 = 0. What is the highest common divisor of v and 45?
5
Let j be (2/(-4) + 95/(-38))/(-1). Suppose 86 - 14 = 2*n. Suppose 2*r - j*r = -n. What is the greatest common factor of 12 and r?
12
Let z = 3000 + -1839. Calculate the greatest common factor of z and 108.
27
Let h be 2/6 + 92/12. Let y(c) = 5*c + h + 5*c - 12*c. Let t be y(-11). What is the highest common divisor of 10 and t?
10
Suppose -3*o - j = -3*j, 5*o + 4*j = 0. Suppose 5*d = -t - 33, d - t - 3*t - 6 = o. Let r be (10/4)/(d/(-96)). Calculate the highest common factor of 8 and r.
8
Suppose -3*p + 0*p - 3 = 0, 0 = -3*k + 2*p + 2. Suppose 2*q = -d + 218, -2*d + k*d = 2*q - 220. What is the highest common factor of q and 12?
12
Suppose g = -g + 8. Suppose g = a + 2. Suppose a*u + 1 = 17. Calculate the greatest common factor of u and 1.
1
Let h(c) = -2*c + 11. Suppose -5*z + 3 - 4 = 2*x,